000011
In base 6, what is -114 - 1004033013?
-1004033131
In base 2, what is 11001101011000111 + 100110100001?
11010010001101000
In base 16, what is -33a7 - -2?
-33a5
In base 11, what is -4 + 2983375?
2983371
In base 15, what is -8c9 - 343?
-c1c
In base 5, what is -133300420 - 1?
-133300421
In base 12, what is 0 - 2910a21?
-2910a21
In base 6, what is 21344 + -304024?
-242240
In base 16, what is b - -ef0df?
ef0ea
In base 5, what is -4223103 - 422333?
-10200441
In base 16, what is -7f - 2a487?
-2a506
In base 12, what is -17929043 - 9?
-17929050
In base 9, what is -26702 - -8356?
-17335
In base 9, what is 2181425 - 1357?
2180057
In base 7, what is -4264414 + 12?
-4264402
In base 6, what is 4 + -254122541?
-254122533
In base 13, what is -194777 + -55?
-1947cc
In base 11, what is 15 - -302a46?
302a60
In base 2, what is 111000110010110 - -100000000110111?
1011000111001101
In base 5, what is -423341000111 - 0?
-423341000111
In base 6, what is -345 + -5334034?
-5334423
In base 8, what is -37 - -471427?
471370
In base 10, what is 1206985634 - 4?
1206985630
In base 2, what is 10000000101111010 - 10001111011?
1111110011111111
In base 4, what is -3102210022112 + -3?
-3102210022121
In base 14, what is 96 - c7b16?
-c7a60
In base 15, what is -1d25b8 - -146?
-1d2472
In base 10, what is 18412 - -420?
18832
In base 4, what is 10000132 + -10231?
3323301
In base 4, what is 30 - -230332233020?
230332233110
In base 13, what is 11 - -3c873?
3c884
In base 16, what is -728a - -52b?
-6d5f
In base 2, what is 101 + 101001101101011001101011001?
101001101101011001101011110
In base 9, what is 1317 - -11712?
13130
In base 11, what is 10446 - 7932?
3614
In base 8, what is 42471070 + 13?
42471103
In base 14, what is 11487 + 2d3?
1177a
In base 12, what is 88a3 - 740?
8163
In base 3, what is 2021220020012000011 + -12?
2021220020011222222
In base 6, what is 0 + -440550234?
-440550234
In base 10, what is -2225 + -25551?
-27776
In base 16, what is -167 + 3298e?
32827
In base 9, what is 241 + -213052?
-212711
In base 3, what is -102210100 + 20120?
-102112210
In base 5, what is 4014414011 - -441?
4014420002
In base 9, what is -4 - -41088634?
41088630
In base 2, what is -11 - -1001101101000101?
1001101101000010
In base 4, what is 32232012030 - 1333?
32232010031
In base 2, what is -101010 - -11011001110111001110100?
11011001110111001001010
In base 6, what is 225441515 - -12?
225441531
In base 14, what is 20 + 4a1586?
4a15a6
In base 15, what is 1cd11d2 + 3?
1cd11d5
In base 15, what is 4d - -e46cd?
e472b
In base 8, what is 4 - 11306140?
-11306134
In base 5, what is -333104341 - 143?
-333110034
In base 11, what is 891 + 50637?
51418
In base 3, what is 112000220002210 + 102?
112000220010012
In base 3, what is -2102202121111 - -10?
-2102202121101
In base 2, what is 1101010011101 - -1010010011?
1110100110000
In base 11, what is -14824 - -1a14?
-12910
In base 7, what is 42510 - -2106?
44616
In base 6, what is 5335 - -15410?
25145
In base 5, what is 3 - 21232100034?
-21232100031
In base 3, what is 2212 + -20021022212?
-20021020000
In base 12, what is 3977a0 - -191?
397971
In base 7, what is -10201 + -11346?
-21550
In base 8, what is -177161771 - 5?
-177161776
In base 13, what is 2 + -11bcb8b6?
-11bcb8b4
In base 12, what is b57b5b00 - 1?
b57b5abb
In base 11, what is -110 + 39955?
39845
In base 10, what is -14 + 282054?
282040
In base 14, what is 12940c - 10?
1293dc
In base 5, what is 2113340413 - 0?
2113340413
In base 15, what is -43ba79 + -36?
-43bab0
In base 8, what is 32556245 - -2?
32556247
In base 12, what is 15a5a679 - 0?
15a5a679
In base 16, what is -3c - -1a843?
1a807
In base 7, what is 36 - 41553115?
-41553046
In base 11, what is -60660346 + 3?
-60660343
In base 10, what is 324503 - 10?
324493
In base 14, what is 73c00 + -67?
73b77
In base 11, what is -117561 - 5a?
-117610
In base 16, what is -73 - -4223?
41b0
In base 6, what is 30 + 22401322?
22401352
In base 14, what is 21d41b51 - 0?
21d41b51
In base 13, what is -140b5 + 389c?
-10516
In base 3, what is 0 - 2102212111002?
-2102212111002
In base 9, what is -1 - 23622145?
-23622146
In base 14, what is -6 - -38a214?
38a20c
In base 7, what is -110204 + -100552?
-211056
In base 2, what is 110101111101011110 - 110110011?
110101110110101011
In base 16, what is -65e62 + -66?
-65ec8
In base 11, what is 1 - 1903776?
-1903775
In base 5, what is 2213221 + -302?
2212414
In base 9, what is 0 + 6045055?
6045055
In base 6, what is -3 - -1350300553?
1350300550
In base 5, what is 14110011 - -1011?
14111022
In base 13, what is -12104 + -156?
-1225a
In base 6, what is -4243315 - -145?
-4243130
In base 8, what is -525 - -7614?
7067
In base 10, what is -21 + 1177860?
1177839
In base 5, what is 130204 + -33411?
41243
In base 5, what is -10 - 103430103423?
-103430103433
In base 3, what is 200112111112012201 - 12?
200112111112012112
In base 16, what is 2 - 16e86e?
-16e86c
In base 10, what is -1946784 - -2?
-1946782
In base 10, what is 743 + 10060?
10803
In base 10, what is -4077 - -9597?
5520
In base 16, what is -205faf + 3?
-205fac
In base 15, what is c + -b385c?
-b3850
In base 6, what is 415250250 - 4?
415250242
In base 13, what is -4578 - 89c?
-5147
In base 4, what is -23311 + -3302133?
-3332110
In base 6, what is 102 - 425304530?
-425304424
In base 16, what is -89c4 - f8?
-8abc
In base 6, what is -1155 - -2433401?
2432202
In base 5, what is -1014 + 122201?
121132
In base 7, what is -25323416 + 1556?
-25321530
In base 6, what is 450451012 + -4?
450451004
In base 7, what is -1 + 2555165120?
2555165116
In base 8, what is 41 - 723736?
-723675
In base 12, what is 5 - -28a7a451?
28a7a456
In base 4, what is 113233102 + -11?
113233031
In base 11, what is -22 - -484720?
4846a9
In base 2, what is -1 + -11010111100100000101010?
-11010111100100000101011
In base 15, what is -11 - -37ee4b?
37ee3a
In base 15, what is -1be - -7223c?
7206d
In base 14, what is -283d - 34c?
-2b8b
In base 6, what is -203043012 + 53?
-203042515
In base 7, what is 164 - 6034336?
-6034142
In base 12, what is 4516 - -12055?
1656b
In base 9, what is -100 + -3658240?
-3658340
In base 5, what is -4 + -21410120120?
-21410120124
In base 6, what is 1420013 - 15201?
1400412
In base 14, what is -3d3 - 22a00?
-22dd3
In base 8, what is -3 - 730505306?
-730505311
In base 15, what is 302 + 1087c0?
108ac2
In base 13, what is -71b4c - -45?
-71b07
In base 16, what is f32 + 51d?
144f
In base 6, what is -135025340 - -25?
-135025311
In base 9, what is -500202143 - -1?
-500202142
In base 8, what is -30167 + 1730?
-26237
In base 16, what is 65d194 + -13?
65d181
In base 15, what is -e25162 - -8?
-e25159
In base 14, what is ad7b6 + -20?
ad796
In base 4, what is 12013320 + -31330?
11321330
In base 9, what is -665457 - 2?
-665460
In base 5, what is 20242020413 - -3?
20242020421
In base 10, what is 16681786 - 3?
16681783
In base 7, what is 5 + 1601366555?
1601366563
In base 9, what is -2 - 12661070?
-12661072
In base 2, what is -11 + 1111101001001011100011?
1111101001001011100000
In base 10, what is -295398863 - -2?
-295398861
In base 14, what is 41787 - -2d8?
41a81
In base 13, what is 1c303560 + 1?
1c303561
In base 2, what is 1001110101 - -11101101101000?
11110111011101
In base 10, what is -131418 - -25?
-131393
In base 15, what is 2 - 9ecb0c?
-9ecb0a
In base 14, what is 1374cc9 - 4?
1374cc5
In base 4, what is -3002 + 113232020?
113223012
In base 12, what is -406 + -1a693?
-1aa99
In base 15, what is 42 - -2850e?
28551
In base 6, what is -2400224324 - -4?
-2400224320
In base 14, what is -230 + -66a6?
-68d6
In base 6, what is 1255204 - 4151?
1251013
In base 13, what is -7662 + -aa3c?
-153a1
In base 16, what is -277 - 3822e?
-384a5
In base 10, what is -2 - -221027?
221025
In base 8, what is 2377541 - 7?
2377532
In base 7, what is -414 + -156600?
-160314
In base 9, what is 8615 + -571?
8034
In base 7, what is -13644304 - -1?
-13644303
In base 7, what is 62 + 11353115?
11353210
In base 9, what is -10065403 + -10?
-10065413
In base 2, what is 1010000010101010 - -111010111000?
1010111101100010
In base 10, what is -3124 - 13369?
-16493
In base 8, what is -2615 - -10026?
5211
In base 9, what is 25 - 23651764?
-23651738
In base 7, what is -6014 + 46303?
40256
In base 2, what is 1110001010101111001 - -1010100100?
111000110000